e the remainder when 1463765 is divided by 14.
9
What is the remainder when 5159 is divided by 43?
42
Calculate the remainder when 56360 is divided by 231.
227
Calculate the remainder when 20213 is divided by 9395.
1423
Calculate the remainder when 884 is divided by 198.
92
What is the remainder when 2629 is divided by 872?
13
Calculate the remainder when 3435 is divided by 454.
257
What is the remainder when 95632 is divided by 54?
52
What is the remainder when 6173 is divided by 289?
104
What is the remainder when 13586 is divided by 6785?
16
Calculate the remainder when 1127542 is divided by 1127530.
12
Calculate the remainder when 17585 is divided by 82.
37
Calculate the remainder when 104556 is divided by 52273.
10
What is the remainder when 625 is divided by 44?
9
What is the remainder when 56698 is divided by 84?
82
What is the remainder when 10396 is divided by 281?
280
Calculate the remainder when 24533 is divided by 246.
179
What is the remainder when 5061 is divided by 540?
201
Calculate the remainder when 18404 is divided by 836.
12
Calculate the remainder when 9143 is divided by 2245.
163
Calculate the remainder when 119195 is divided by 37.
18
What is the remainder when 157753 is divided by 201?
169
What is the remainder when 110044 is divided by 152?
148
Calculate the remainder when 143725 is divided by 201.
10
What is the remainder when 62311 is divided by 31153?
5
What is the remainder when 31986 is divided by 5319?
72
What is the remainder when 7308 is divided by 159?
153
Calculate the remainder when 16183 is divided by 3221.
78
Calculate the remainder when 3239 is divided by 54.
53
What is the remainder when 323773 is divided by 41?
37
Calculate the remainder when 14435 is divided by 178.
17
Calculate the remainder when 5885 is divided by 1370.
405
What is the remainder when 588127 is divided by 60?
7
Calculate the remainder when 192829 is divided by 10.
9
What is the remainder when 12632 is divided by 42?
32
Calculate the remainder when 4287 is divided by 4285.
2
What is the remainder when 122911 is divided by 30698?
119
Calculate the remainder when 3647 is divided by 178.
87
What is the remainder when 3390 is divided by 23?
9
What is the remainder when 53951 is divided by 296?
79
Calculate the remainder when 16929 is divided by 16142.
787
Calculate the remainder when 938309 is divided by 54.
5
Calculate the remainder when 13374 is divided by 119.
46
Calculate the remainder when 2371 is divided by 231.
61
What is the remainder when 78950 is divided by 2321?
36
What is the remainder when 17311 is divided by 5479?
874
What is the remainder when 95999 is divided by 252?
239
Calculate the remainder when 21257 is divided by 4246.
27
What is the remainder when 4960 is divided by 824?
16
What is the remainder when 821 is divided by 753?
68
Calculate the remainder when 2735 is divided by 239.
106
What is the remainder when 8465 is divided by 1206?
23
Calculate the remainder when 3999 is divided by 3982.
17
What is the remainder when 20432 is divided by 44?
16
What is the remainder when 8206 is divided by 71?
41
What is the remainder when 6099 is divided by 338?
15
What is the remainder when 1890269 is divided by 90?
89
What is the remainder when 50135 is divided by 612?
563
Calculate the remainder when 4256558 is divided by 80.
78
What is the remainder when 6914 is divided by 5922?
992
Calculate the remainder when 100598 is divided by 127.
14
Calculate the remainder when 34126 is divided by 11252.
370
Calculate the remainder when 6809 is divided by 91.
75
What is the remainder when 25710 is divided by 384?
366
Calculate the remainder when 62276 is divided by 18.
14
What is the remainder when 458 is divided by 185?
88
Calculate the remainder when 19021 is divided by 196.
9
Calculate the remainder when 21528 is divided by 296.
216
Calculate the remainder when 1083 is divided by 96.
27
What is the remainder when 34909 is divided by 253?
248
What is the remainder when 200475 is divided by 48?
27
What is the remainder when 33184 is divided by 1581?
1564
Calculate the remainder when 4062 is divided by 2863.
1199
What is the remainder when 114878 is divided by 999?
992
What is the remainder when 75576 is divided by 830?
46
What is the remainder when 16208 is divided by 275?
258
Calculate the remainder when 32721 is divided by 3632.
33
What is the remainder when 61454 is divided by 14?
8
Calculate the remainder when 11447 is divided by 11437.
10
Calculate the remainder when 1483 is divided by 109.
66
Calculate the remainder when 79304 is divided by 8809.
23
Calculate the remainder when 9232 is divided by 2305.
12
Calculate the remainder when 1442 is divided by 679.
84
What is the remainder when 917 is divided by 16?
5
Calculate the remainder when 133893 is divided by 1046.
5
Calculate the remainder when 2636 is divided by 225.
161
What is the remainder when 21250 is divided by 1637?
1606
Calculate the remainder when 10086 is divided by 52.
50
Calculate the remainder when 191 is divided by 74.
43
Calculate the remainder when 16385435 is divided by 12.
11
Calculate the remainder when 3834 is divided by 113.
105
Calculate the remainder when 27329 is divided by 471.
11
What is the remainder when 3585 is divided by 3569?
16
Calculate the remainder when 814239 is divided by 7.
6
What is the remainder when 199591 is divided by 864?
7
Calculate the remainder when 574049 is divided by 6.
5
Calculate the remainder when 982 is divided by 483.
16
Calculate the remainder when 816347 is divided by 133.
126
Calculate the remainder when 156237 is divided by 168.
165
What is the remainder when 235461 is divided by 148?
141
What is the remainder when 171281 is divided by 40?
1
What is the remainder when 186650 is divided by 18665?
0
What is the remainder when 69748 is divided by 1585?
8
Calculate the remainder when 9115 is divided by 481.
457
Calculate the remainder when 6649 is divided by 825.
49
What is the remainder when 2297593 is divided by 7?
4
Calculate the remainder when 1897 is divided by 12.
1
What is the remainder when 5009468 is divided by 2007?
2003
What is the remainder when 17569 is divided by 79?
31
Calculate the remainder when 5608 is divided by 244.
240
What is the remainder when 1376 is divided by 114?
8
What is the remainder when 21091 is divided by 1110?
1
Calculate the remainder when 5853 is divided by 107.
75
Calculate the remainder when 84091 is divided by 17.
9
Calculate the remainder when 25867 is divided by 25853.
14
Calculate the remainder when 179 is divided by 22.
3
What is the remainder when 5925 is divided by 1470?
45
Calculate the remainder when 10951 is divided by 93.
70
What is the remainder when 2111173 is divided by 68102?
11
What is the remainder when 2671 is divided by 27?
25
Calculate the remainder when 58603 is divided by 12.
7
Calculate the remainder when 2356 is divided by 569.
80
Calculate the remainder when 989309 is divided by 735.
734
Calculate the remainder when 106 is divided by 47.
12
What is the remainder when 2800 is divided by 74?
62
Calculate the remainder when 181973 is divided by 60.
53
Calculate the remainder when 1859 is divided by 260.
39
Calculate the remainder when 11905 is divided by 6.
1
Calculate the remainder when 3841 is divided by 1101.
538
What is the remainder when 40589 is divided by 405?
89
Calculate the remainder when 3323016 is divided by 547.
538
What is the remainder when 1649 is divided by 327?
14
Calculate the remainder when 25081 is divided by 267.
250
What is the remainder when 34078 is divided by 24?
22
What is the remainder when 8238 is divided by 317?
313
What is the remainder when 42056 is divided by 41996?
60
What is the remainder when 5846 is divided by 10?
6
What is the remainder when 3161 is divided by 58?
29
What is the remainder when 43692 is divided by 14509?
165
What is the remainder when 799 is divided by 199?
3
Calculate the remainder when 26174 is divided by 154.
148
What is the remainder when 239480 is divided by 97?
84
What is the remainder when 416 is divided by 1?
0
Calculate the remainder when 4452541 is divided by 698.
697
Calculate the remainder when 1437 is divided by 318.
165
Calculate the remainder when 253220 is divided by 4151.
9
What is the remain